 -6*p - 22. Suppose -7*u - 498 = -b*u. Let a = -100 - u. Is a composite?
False
Let m be (12/(-2))/3*(-22)/4. Is (m/55)/((-1)/(-655)) prime?
True
Let l = -61 + 510. Is l composite?
False
Let j(c) = -224*c**2 + 14*c + 5. Let a be j(-5). Let o = 9216 + a. Is o composite?
True
Let a = 70 + -55. Let y(z) = 116*z - 47. Is y(a) a composite number?
False
Suppose 113 = -0*i + 3*i - 5*y, -5*i + 3*y + 167 = 0. Let q be 6*(-4)/(-6) + 270. Suppose p - 107 = -3*w, 3*p = -5*w + i + q. Is p composite?
True
Let o(y) = -3*y - 62. Let a be o(-22). Suppose -5 = -a*u + 7, 3*r - 2676 = -3*u. Is r a composite number?
True
Let o be 4/12 - 1/3. Suppose 3*g + 5*i = -63, -g - 25 = -o*g + 3*i. Is (g/(-28))/((-2)/(-1939)) prime?
False
Let j(a) = 3*a - 21*a + 2 + 3. Let c be 12*(80/(-15) + 5). Is j(c) prime?
False
Let g(y) = 47*y**2 + 18*y + 59. Is g(-6) composite?
True
Let c be 5 - (-2 - (0 - 4)). Suppose c*j - 2*w - 2015 = -0*j, j = -4*w + 681. Is j composite?
False
Let c be ((-12)/(-7))/((-3)/21). Let p be (-1606)/(-12) + (-2)/c. Suppose 3*y - y = p. Is y composite?
False
Let d(x) = -78*x - 21. Let p(k) = -10 - 17*k - 22*k + 0*k. Let l(w) = -6*d(w) + 13*p(w). Is l(-2) composite?
True
Let h(r) = -986*r - 19. Let s be h(-5). Suppose 15662 = 7*g - s. Is g prime?
True
Let f = -2 - -7. Suppose -5*r + 674 = l, 0*l - 3*r = f*l - 3458. Suppose -3*x - 5*s + l = 0, 0 = 2*x + 5*s - s - 462. Is x composite?
False
Let a = -124 - -232. Let r = 1055 - a. Is r prime?
True
Suppose -15*c = -14*c - 499. Let q = c + 84. Is q prime?
False
Let x(d) = -2*d + 14. Let m be x(8). Is (-93072)/(-80) + m/5 a composite number?
False
Let t(k) be the third derivative of -k**6/60 - k**5/60 + k**4/3 + k**3 - 2*k**2. Let a = 10 + -15. Is t(a) prime?
True
Suppose -3*p - 2 + 14 = 0. Let s be (-1045)/p - (-27)/(-36). Let z = -135 - s. Is z a composite number?
False
Suppose -3441 = -5*d + 2*d. Is d a prime number?
False
Suppose -135 = 7*o - 10*o. Let f = o + -19. Is f a prime number?
False
Suppose -10*p - 17215 = -3*v - 11*p, -2*v + 11486 = 3*p. Is v prime?
True
Suppose 0 = -7*u + 15227 + 38036. Is u composite?
True
Let y(u) = 19*u**2 - 15*u - 11. Is y(31) a prime number?
True
Let k = 32257 - 7230. Is k composite?
True
Suppose 10*u - 83577 - 126333 = 0. Is u composite?
True
Suppose 3*z - 147 = -0*z. Let l = 18 + z. Is l prime?
True
Suppose 0 = 2*q - 4*s - 368, 3*q - 2*s - 582 = -50. Suppose 0 = -k + 24*k - 115. Suppose -5*t - 2*r + 75 = -q, -k*r - 15 = 0. Is t prime?
False
Let l(m) = -32*m - 33. Let r(z) = 16*z + 17. Let d(v) = 6*l(v) + 11*r(v). Let j = 168 - 178. Is d(j) a composite number?
False
Is 3/(-9) + ((-1480)/(-3))/1 a composite number?
True
Is (-45514)/(-9) + 4*(-1)/36 prime?
False
Suppose -4*g + 4*y = -g - 11, -2*g + 14 = 4*y. Suppose 0 = -g*f + 787 + 1918. Is f prime?
True
Is (1150/15)/(2/(-6)*-2) a prime number?
False
Let d(a) = 3*a**2 + 2*a. Let x be d(-1). Suppose 4*y - 1373 = -5*l, x + 2 = -l. Is y prime?
True
Let q(c) = -c**2 + 749. Is q(0) prime?
False
Let w(b) be the third derivative of 3*b**5/10 + b**4/4 - 19*b**3/6 + b**2 - 2*b. Is w(-7) a composite number?
False
Let j be (-3860)/(-15)*(-15)/(-2). Let l = j + -1239. Is l a composite number?
False
Let b(s) = -18*s + 1. Suppose -14*m + 135 = -9*m. Let j be 6/m + (-94)/18. Is b(j) prime?
False
Let a(l) = 673*l - 1. Let w be a(-1). Suppose -4*d + 1336 = -2644. Let m = d + w. Is m a composite number?
True
Suppose 59 + 13 = 4*h. Let a = 71 - h. Is a composite?
False
Let w be (24/20)/((-9)/(-30)). Suppose -w*y + 5 = 1. Is (286 + 1/1)*y a prime number?
False
Let r = -19 - -24. Suppose -3*o + 2*a + 187 + 482 = 0, 0 = 4*o - r*a - 892. Is o a prime number?
True
Suppose -5*z - 3*o - 2 = 17, 0 = -5*z - 5*o - 25. Let p be 2*(24 + z) - -2. Suppose -4*k + 2*r + p = -6, 5*r = 10. Is k composite?
True
Let i(c) = 325*c + 18. Is i(11) prime?
True
Let a(k) = 116*k - 535. Is a(21) prime?
True
Suppose -3*v + 5875 + 410 = 0. Is v a composite number?
True
Suppose -9*x = -7031 - 98962. Is x composite?
False
Let w be 6/(-36) - 26/(-12). Suppose -8 = 4*p - 5*h, 3*h + 26 = w*p + 8*h. Suppose p*n = -3*j + 642, -2*n = j - 0*j - 425. Is n prime?
True
Let d(q) = -1 + 6 - 739*q - 242*q. Let x be d(2). Let c = -1248 - x. Is c prime?
True
Is ((-4941)/6 - 5)/(1/(-2)) a composite number?
False
Let l(w) = w + 1 + 18 + w + w. Is l(0) composite?
False
Suppose 11*k + 2*k = 26. Suppose -i + 10294 = 2*s - 3*i, 5*i = -k*s + 10294. Is s a prime number?
True
Suppose 0 = 100*c - 30*c - 95270. Is c a composite number?
False
Let g(h) = 4*h - 13. Let p be g(5). Let l(n) = n**3 - 5*n**2 - 7*n - 8. Let r be l(p). Is (r/(-3))/(9/(-54)) a composite number?
True
Is (-84478)/(-3)*(-20 - -23) prime?
False
Let d(y) = y - 10. Let v = 31 + -21. Let m be d(v). Suppose -4*t + 2*t + 2*f + 172 = m, 20 = 4*f. Is t composite?
True
Let n(a) = -2347*a + 6. Suppose -10*u = -7*u - 3*g + 15, u + 3*g = 11. Is n(u) a prime number?
False
Let t = -30 + 35. Suppose 43 = 2*m - 5*f - 78, 3*m - 174 = t*f. Is m a prime number?
True
Suppose 5*n - w - 29392 = w, n - 4*w - 5882 = 0. Is n composite?
True
Suppose 5*j + s + 12 = 0, -j + 4*s + 4 = j. Let h be (j + -2337)*(1 + -2). Suppose -h - 640 = -3*w. Is w composite?
True
Suppose p = -4, -18 = 3*s - 2*s + 4*p. Let w(z) = 14*z**2 - z - 5. Let r(h) = h**2. Let j(a) = s*r(a) + w(a). Is j(-4) a composite number?
False
Let g = 10641 - 2783. Is g a composite number?
True
Suppose -b = 2*q - 27, 2*q - 25 = -7*b + 4*b. Let y = 18 - q. Suppose 960 = 4*f - y*d, -2*f + d = 4*d - 465. Is f prime?
False
Suppose 3*c - 32356 = -10162. Suppose 2*m = 5*h - 11643, -2*h - m + c - 2739 = 0. Is h prime?
False
Suppose -122*c + 113*c = -4509. Is c a prime number?
False
Suppose q = 3 - 8. Let z(j) be the third derivative of j**6/120 + 7*j**5/60 + 7*j**4/24 - j**3/6 - 15*j**2. Is z(q) prime?
False
Let w be ((-3)/(-1))/((-18)/(-30)). Suppose 16 = -h + w*h. Suppose -h = -2*x + 834. Is x composite?
False
Suppose -182*n + 184*n = 40. Is 1245*(n/6 - 3) - -4 a prime number?
True
Let o = 19319 - 9396. Is o composite?
False
Suppose -4*n = 4*y, -y - 5*n + 0*n = 4. Suppose -7*v = -3*v + 5*z + 916, -208 = v - 4*z. Is (-1)/(v/220 + y) a prime number?
False
Let b = -6 + -4. Let f(c) = -2 - 3*c - 4 - 1 - 2*c. Is f(b) composite?
False
Suppose 3*p - l + 0*l - 31 = 0, 2*p - 21 = l. Suppose -p*t - 921 = -11*t. Is t prime?
False
Suppose 0 = -9*q - 8*q + 85. Let m(w) = 2*w**2 - w + 3. Let d be m(-3). Suppose q*f + d - 84 = -2*y, 4*y - 106 = -3*f. Is y prime?
False
Let m(l) = 9*l**2 - 4*l - 7. Let u(v) = 18*v**2 - 9*v - 13. Let d(a) = -5*m(a) + 3*u(a). Suppose 0 = -4*o - 5 - 19. Is d(o) prime?
False
Let t(g) = -g - 3. Let h be t(-8). Is -1*(h + -3) - -817 a composite number?
True
Suppose 5*y - 5*c = -0*y + 165, -105 = -4*y - 5*c. Suppose l + l = -y. Let s = 52 + l. Is s prime?
True
Suppose 5*i + 2*i - 40873 = 0. Is i prime?
True
Let q = 11 - 1. Let l(o) = 3*o**2 - o - 23. Is l(q) a prime number?
False
Let a = 17 - 15. Let w be (-20)/15*(-465)/a. Let u = 16 + w. Is u composite?
True
Suppose -3*f = 5*m - 9, 3 = 3*m + 4*f - 3*f. Let o = m - -63. Let r = -37 + o. Is r composite?
True
Let x(v) be the third derivative of -9*v**4/4 - 19*v**3/6 + v**2. Let f be x(-8). Let k = f - 148. Is k a composite number?
True
Suppose 26 = -6*u - 22. Let b be (4/16 + 0)*4. Is 84*b - 24/u a composite number?
True
Let j(x) = -19*x + 29527. Is j(0) a prime number?
True
Is 11184 - (36/36)/((-1)/(-5)) composite?
True
Let m(y) = -1143*y + 83. Is m(-8) prime?
True
Let b(k) be the second derivative of -k**3 + 25*k**2/2 - 2*k. Suppose -4*s - 30 = 2*m, 0 = 3*m - 2*s + 18 + 19. Is b(m) a composite number?
False
Let w = -11 - -14. Let o be ((-2)/w)/((-3)/1017). Suppose -5*f = -5*h + 4*h - 1035, o = f - 4*h. Is f a prime number?
False
Let d(c) = c**2 - 28*c + 4987. Is d(0) a prime number?
True
Suppose 3*a + 2226 = 4*v + v, a - 2218 = -5*v. Suppose 0 = -6*f + 4*f + v. Is f/(-4)*(-28)/6 prime?
False
Let p(f) = -262*f + 17. Is p(-12) a composite number?
True
Suppose 4581 = 2*q + 375. Is q composite?
True
Let y(i) = i**2 + 3*i - 18. Let g be y(-5). Is ((1 - g) + -2)*127 a composite number?
True
Let w be -2 + 5/3 + 15/(-9). Suppose -4*y = 5*u + 29, 26 = -2*u + y + y. Is ((-3)/u)/(w/(-90)) prime?
False
Suppose -y + 2260 = y. Let p = -735 + y. Is p pr